{"id":681,"date":"2015-10-31T14:57:51","date_gmt":"2015-10-31T13:57:51","guid":{"rendered":"http:\/\/gallery.leonardorinaldesi.com\/?page_id=681"},"modified":"2015-11-01T18:53:38","modified_gmt":"2015-11-01T17:53:38","slug":"privacy-policy","status":"publish","type":"page","link":"https:\/\/gallery.leonardorinaldesi.com\/?page_id=681","title":{"rendered":"PRIVACY POLICY"},"content":{"rendered":"<p><b>Informativa sul trattamento dei dati personali<\/b><\/p>\n<p>Ai sensi dell\u2019articolo 13 del Codice in materia di dati personali si informa che il trattamento dei dati personali, acquisiti direttamente, o tramite terzi, in sede di fornitura beni, prestazioni o servizi e qualificati dal D.lgs 196.03 come personali, avviene secondo principi di correttezza, liceit\u00e0 e trasparenza, a tutela della Vostra riservatezza ed i Vostri diritti, secondo le modalit\u00e0 di seguito specificate.<\/p>\n<p><b>NATURA DEI DATI TRATTATI<\/b><br \/>\nIl trattamento riguarda dati anagrafici e fiscali, i dati di natura economica che sono necessari per lo svolgimento dei rapporti contrattuali, in essere o futuri, nonch\u00e9 dati necessari per adempiere alle Vostre specifiche richieste.<\/p>\n<p><b>FINALIT\u00c0 DEL TRATTAMENTO<\/b><br \/>\nI Vostri dati vengono trattati in relazione alle esigenze contrattuali, agli adempimenti normativi, contabili e fiscali, per consentire una efficace gestione dei rapporti finanziari commerciali, nonch\u00e9 per fornire informazioni commerciali, promuovere e pubblicizzare, anche a mezzo posta elettronica, i nostri prodotti e servizi analoghi a quelli oggetto del rapporto contrattuale in essere. I dati verranno trattati per tutta la durata del rapporto contrattuale ed anche successivamente, per l\u2019espletamento di obblighi di legge e per finalit\u00e0 amministrative.<\/p>\n<p><b>MODALIT\u00c0 DEL TRATTAMENTO<\/b><br \/>\nIl trattamento dei dati avviene mediante l\u2019utilizzo di strumenti e procedure anche informatici, idonei a garantirne la sicurezza e la riservatezza nei modi e nei limiti necessari per perseguire le predette finalit\u00e0.<\/p>\n<p><b>OBBLIGO O FACOLT\u00c0 DI CONFERIRE I DATI<\/b><br \/>\nPer i dati che siamo obbligati a conoscere, necessari al fine di adempiere agli obblighi previsti da leggi, da regolamenti e dalla normativa comunitaria, ovvero da disposizioni impartite da Autorit\u00e0 a ci\u00f2 legittimate dalla legge e da organi di vigilanza e controllo, il loro mancato conferimento da parte Vostra comporter\u00e0 l\u2019impossibilit\u00e0 di instaurare o proseguire il rapporto, nei limiti in cui tali dati sono necessari all\u2019esecuzione dello stesso. Per i dati che non siamo obbligati a conoscere, il conferimento degli stessi \u00e8 facoltativo, e la loro mancata indicazione non consentir\u00e0 l\u2019espletamento di alcuni servizi, come ad esempio le comunicazioni commerciali.<\/p>\n<p><b>AMBITO DI CONOSCENZA DEI DATI<\/b><br \/>\nLe seguenti categorie di soggetti possono venire a conoscenza dei dati, in qualit\u00e0 di Responsabili o Incaricati del trattamento, nominati dalla nostra struttura: uffici amministrativi e di segreteria interni, addetti alla contabilit\u00e0 ed alla fatturazione, addetti alla commercializzazione dei prodotti e dei servizi, agenti e rappresentanti, personale dipendente e collaboratori.<\/p>\n<p><b>COMUNICAZIONE E DIFFUSIONE<\/b><br \/>\nI dati non verranno diffusi, se non previo Vostro consenso scritto. I dati potranno essere comunicati: a soggetti che possono accedere ai dati in forza di disposizione di legge, di regolamento o di normativa comunitaria, nei limiti previsti da tali norme; a soggetti che hanno necessit\u00e0 di accedere ai Vostri dati per finalit\u00e0 ausiliare al rapporto che intercorre tra Voi e noi, ovvero che svolgono o forniscono specifici servizi strettamente funzionali all\u2019esecuzione di tale rapporto, quali spedizionieri, trasportatori, tipografie, Poste Italiane, provider dei servizi web (sito internet) e posta elettronica e loro collaboratori; a soggetti nostri consulenti, nei limiti necessari per svolgere il loro incarico presso la nostra organizzazione, previo nostra lettera di incarico che imponga il dovere di riservatezza e sicurezza.<\/p>\n<p><b>I VOSTRI DIRITTI<\/b><br \/>\nRiportiamo di seguito l\u2019estratto dell\u2019articolo 7 D.lgs 196\/.03, che riconosce agli interessati i seguenti diritti: a) ottenere la conferma dell\u2019esistenza di dati personali che li riguardano, anche se non ancora registrati, e la comunicazione in forma intelligibile b) ottenere l\u2019indicazione dell\u2019origine dei dati personali, nonch\u00e9 delle finalit\u00e0 e modalit\u00e0 del trattamento c) ottenere l\u2019indicazione della logica applicata nei trattamenti effettuati con l\u2019ausilio di strumenti elettronici d) ottenere l\u2019aggiornamento, la rettificazione ovvero, quando vi avete interesse, l\u2019integrazione dei dati e) ottenere la cancellazione, la trasformazione in forma anonima o il blocco dei dati trattati in violazione di legge f) ottenere la cancellazione, la trasformazione in forma anonima o il blocco dei dati di cui non \u00e8 necessaria la conservazione, in relazione agli scopi per i quali i dati sono stati raccolti o successivamente trattati g) ottenere l\u2019attestazione che l\u2019aggiornamento, la rettificazione, l\u2019integrazione, la cancellazione, la trasformazione in forma anonima o il blocco sono stati portati a conoscenza, anche per quanto riguarda il contenuto, di coloro ai quali i dati sono stati comunicati o diffusi, tranne che nei casi in cui tale adempimento si riveli impossibile o comporti un impiego di mezzi manifestamente sproporzionato rispetto al diritto tutelato h) opporsi, in tutto o in parte, per motivi legittimi, al trattamento dei dati personali che li riguardano, ancorch\u00e9 pertinenti allo scopo della raccolta i) opporsi, in tutto o in parte, al trattamento di dati personali che li riguardano a fini di invio di materiale pubblicitario o di vendita diretta o per il compimento di ricerche di mercato o di comunicazione commerciale.<\/p>\n<p>Per esercitare tali diritti potete rivolgerVi, con richiesta rivolta senza formalit\u00e0, al Titolare del trattamento\u00a0<strong>Leonardo Rinaldesi &#8211; via Verga 160, 62100 Macerata<\/strong><\/p>\n<p><b>Privacy policy<\/b><\/p>\n<p>Si descrivono le modalit\u00e0 di gestione del sito in riferimento al trattamento dei dati personali degli utenti che lo consultano. L\u2019informativa \u00e8 resa anche ai sensi dell\u2019articolo 13 del D.lgs 196.03 \u201cCodice in materia di protezione dei dati personali\u201d a coloro che interagiscono con il sito web di Leonardo Rinaldesi Titolare del trattamento, accessibili per via telematica a partire dall\u2019indirizzo http:\/\/www.leonardorinaldesi.com. L\u2019informativa \u00e8 resa anche per tutti i siti e servizi sotto il dominio \u201cleonardorinaldesi.com\u201d e non per altri siti web eventualmente consultati tramite link. L\u2019informativa si ispira anche alla Raccomandazione numero 2\/2001 che le autorit\u00e0 europee per la protezione dei dati personali, riunite nel Gruppo istituito dall\u2019articolo 29 della direttiva numero 95\/46\/CE, hanno adottato il 17 maggio 2001 per individuare alcuni requisiti minimi per la raccolta di dati personali on-line, e, in particolare, le modalit\u00e0, i tempi e la natura delle informazioni che i titolari del trattamento devono fornire agli utenti quando questi si collegano a pagine web, indipendentemente dagli scopi del collegamento.<\/p>\n<p><b>IL \u201cTITOLARE\u201d DEL TRATTAMENTO<\/b><br \/>\nIl \u201ctitolare\u201d del trattamento \u00e8\u00a0<strong>Leonardo Rinaldesi &#8211; via Verga 160, 62100 Macerata<\/strong><\/p>\n<p><b>LUOGO DI TRATTAMENTO DEI DATI<\/b><br \/>\nI trattamenti connessi ai servizi web di questo sito hanno luogo presso la citata sede del Titolare, che si avvale di provider esterni per il servizio di hosting del sito web, e sono curati solo da personale tecnico Incaricato al trattamento e, occasionalmente, da incaricati per le operazioni di manutenzione.<\/p>\n<p><b>FINALIT\u00c0 DEL TRATTAMENTO<\/b><br \/>\nI dati personali forniti dagli utenti che inoltrano richieste sono utilizzati al solo fine di eseguire il servizio o la prestazione richiesta e sono comunicati a terzi nel solo caso in cui ci\u00f2 sia a tal fine necessario (es. servizio di spedizione).<\/p>\n<p><b>TIPI DI DATI TRATTATI<\/b><br \/>\nDati forniti volontariamente dall\u2019utente<br \/>\nL\u2019invio facoltativo, esplicito e volontario di posta elettronica agli indirizzi indicati su questo sito comporta la successiva acquisizione dell\u2019indirizzo del mittente ed conseguente trattamento dello stesso, in accordo alle predette finalit\u00e0.<\/p>\n<p><b>DATI DI NAVIGAZIONE<\/b><br \/>\nI sistemi informatici e le procedure software preposte al funzionamento di questo sito web acquisiscono, nel corso del loro normale esercizio, alcuni dati personali la cui trasmissione \u00e8 implicita nell\u2019uso dei protocolli di comunicazione di Internet. Si tratta di informazioni che non sono raccolte per essere associate a interessati identificati, ma che per loro stessa natura potrebbero, attraverso elaborazioni ed associazioni con dati detenuti da terzi, permettere di identificare gli utenti. In questa categoria di dati rientrano gli indirizzi IP o i nomi a dominio dei computer utilizzati dagli utenti che si connettono al sito, gli indirizzi in notazione URI (Uniform Resource Identifier) delle risorse richieste, l\u2019orario della richiesta, il metodo utilizzato nel sottoporre la richiesta al server, la dimensione del file ottenuto in risposta, il codice numerico indicante lo stato della risposta data dal server (buon fine, errore, ecc.) ed altri parametri relativi al sistema operativo e all\u2019ambiente informatico dell\u2019utente. Questi dati vengono utilizzati al solo fine di ricavare informazioni statistiche anonime sull\u2019uso del sito e per controllarne il corretto funzionamento e vengono cancellati immediatamente dopo l\u2019elaborazione. I dati potrebbero essere utilizzati per l\u2019accertamento di responsabilit\u00e0 in caso di ipotetici reati informatici ai danni del sito.<\/p>\n<p><b>COOKIE<\/b><br \/>\nPer informazioni sull\u2019utilizzo di cookie da parte di questo sito web fare riferimento all\u2019informativa \u201cCookie policy\u201c.<\/p>\n<p><b>FACOLT\u00c0 DI CONFERIRE I DATI<\/b><br \/>\nA parte quanto specificato per i dati di navigazione, l\u2019utente \u00e8 libero di fornire i dati personali riportati nei moduli o nelle procedure di registrazione. Il loro mancato conferimento pu\u00f2 comportare l\u2019impossibilit\u00e0 di ottenere quanto richiesto.<\/p>\n<p><b>MODALIT\u00c0 DEL TRATTAMENTO<\/b><br \/>\nI dati personali sono trattati con strumenti automatizzati per il tempo strettamente necessario a conseguire gli scopi per cui sono stati raccolti. Specifiche misure di sicurezza sono osservate per prevenire la perdita dei dati, usi illeciti o non corretti ed accessi non autorizzati.<\/p>\n<p><b>DIRITTI DEGLI INTERESSATI<\/b><br \/>\nI soggetti cui si riferiscono i dati personali hanno il diritto in qualunque momento di ottenere la conferma dell\u2019esistenza o meno dei medesimi dati e di conoscerne il contenuto e l\u2019origine, verificarne l\u2019esattezza o chiederne l\u2019integrazione o l\u2019aggiornamento, oppure la rettificazione (art. 7 del D.lgs. n. 196.03). Ai sensi del medesimo articolo si ha il diritto di chiedere la cancellazione, la trasformazione in forma anonima o il blocco dei dati trattati in violazione di legge, nonch\u00e9 di opporsi in ogni caso, per motivi legittimi, al loro trattamento. Le richieste vanno rivolte al Titolare del trattamento, presso la sua sede.<\/p>\n<p>Il presente documento costituisce la \u201cPrivacy policy\u201d di questo sito.<\/p>\n<style type=\"text\/css\"><!--\n.content{ font-size: 120px; line-height: 44px; letter-spacing: 1px; text-align: center; } A:LINK { color : #666; text-decoration: none; } A:HOVER { color :#cc0000; text-decoration: none; }\n--><\/style>\n<p style=\"text-align: center;\"><strong>Copyright &#8211; Leonardo Rinaldesi Photographer 2015<\/strong><\/p>\n","protected":false},"excerpt":{"rendered":"<p>Informativa sul trattamento dei dati personali Ai sensi dell\u2019articolo 13 del Codice in materia di dati personali si informa che il trattamento dei dati personali, acquisiti direttamente, o tramite terzi, in sede di fornitura beni, prestazioni o servizi e qualificati dal D.lgs 196.03 come personali, avviene secondo principi di correttezza, liceit\u00e0 e trasparenza, a tutela [&hellip;]<\/p>\n","protected":false},"author":1,"featured_media":0,"parent":0,"menu_order":0,"comment_status":"closed","ping_status":"closed","template":"","meta":{"footnotes":""},"class_list":["post-681","page","type-page","status-publish","hentry"],"_links":{"self":[{"href":"https:\/\/gallery.leonardorinaldesi.com\/index.php?rest_route=\/wp\/v2\/pages\/681","targetHints":{"allow":["GET"]}}],"collection":[{"href":"https:\/\/gallery.leonardorinaldesi.com\/index.php?rest_route=\/wp\/v2\/pages"}],"about":[{"href":"https:\/\/gallery.leonardorinaldesi.com\/index.php?rest_route=\/wp\/v2\/types\/page"}],"author":[{"embeddable":true,"href":"https:\/\/gallery.leonardorinaldesi.com\/index.php?rest_route=\/wp\/v2\/users\/1"}],"replies":[{"embeddable":true,"href":"https:\/\/gallery.leonardorinaldesi.com\/index.php?rest_route=%2Fwp%2Fv2%2Fcomments&post=681"}],"version-history":[{"count":7,"href":"https:\/\/gallery.leonardorinaldesi.com\/index.php?rest_route=\/wp\/v2\/pages\/681\/revisions"}],"predecessor-version":[{"id":716,"href":"https:\/\/gallery.leonardorinaldesi.com\/index.php?rest_route=\/wp\/v2\/pages\/681\/revisions\/716"}],"wp:attachment":[{"href":"https:\/\/gallery.leonardorinaldesi.com\/index.php?rest_route=%2Fwp%2Fv2%2Fmedia&parent=681"}],"curies":[{"name":"wp","href":"https:\/\/api.w.org\/{rel}","templated":true}]}}